- (6 + (-6 - -6) + -9).
12
What is (22 - (9 + 5)) + 1 + -2 + 14?
21
Evaluate -142 - -149 - (0 - -12).
-5
What is -12 + 10 - (-11 - -7)?
2
What is 6 - (5 + (-2 - (5 - (-4 + -2))))?
14
What is the value of (-47 - -61) + (-11 - 5)?
-2
What is the value of 4 + (12 + (-3 - 4) - 19) + 26?
16
Evaluate -16 - (-11 - 13 - 4) - 12.
0
-66 + -18 + 45 - -24
-15
Evaluate -1152 - -1222 - (0 + 38).
32
(7 - (0 - (1 - 6)) - -11) + -3
10
Evaluate -12 + 21 - (10 + 2 + -8).
5
Calculate 24 + -14 - (1 - 2) - (1 - -9).
1
(-1 - 5 - (434 + -432)) + 1 + 46
39
Calculate 6 + (2 - 18) + 9 - -11.
10
What is -7 - -3 - (-4 - (-2 - -5)) - 0?
3
Calculate (-2 - (-10 - -3) - 19) + -9.
-23
What is (-12 - -11) + 34 - 16?
17
Evaluate (-20 + 24 - 6) + 2 + 1.
1
What is the value of 11 - ((-17 - -6) + -7 - -4)?
25
Calculate -1 - 3 - (-2 + 20 - 19) - -2.
-1
Evaluate -13 + 12 + (5 - -6).
10
(-2 - (-2 - 1)) + -3 + -1 + 4
1
1 + -18 - (23 + -24)
-16
Evaluate (-17 + 16 - 4) + 15.
10
What is 82 + -91 + 0 + -1 - -8?
-2
Evaluate 41 + (-35 - -4) - 25.
-15
What is 2 + -1 + 44 + -53 + 2?
-6
Evaluate -18 + (15 - -13) - 26.
-16
8 + -9 - 7 - 8
-16
What is 1 + (-10 + 22 - -1) + 3?
17
Calculate -5 + -4 + 22 + (2 - 19).
-4
What is -1 + 4 - (13 - (-4 + 42 + -15))?
13
What is 2 - 2 - (-111 + 117)?
-6
Calculate -5 + -5 - -22 - (-6 - -33).
-15
464 + -489 + (-2 - 1)
-28
Calculate 0 + (18 - (2 - (8 + -15))).
9
(25 - (12 + -2) - 1) + -30
-16
(14 + 6 - 12 - 12) + -1 + 29
24
6 - -1 - (23 + -7 - 25)
16
Calculate 1 + 3 - (-33 - -36 - -17).
-16
What is (-2 - 4) + (6 + -1 - (3 + 0))?
-4
What is 3 + -5 + -10 + 4 - -4 - -25?
21
What is -17 - (-17 - 11) - 13?
-2
What is the value of 16 - 0 - (45 + -27)?
-2
(16 - (4 + (-11 - -18)) - 3) + -17
-15
What is the value of 34 + -17 + (-24 - -17)?
10
What is the value of 13 - 18 - 0 - ((2 - 7) + -1)?
1
Calculate -5 + (29 - (-4 + 20)) - -7.
15
Calculate (2 - 7) + (7 + (9 - 1) - 13).
-3
What is the value of 13 + 18 + -9 + -24 + 5?
3
What is the value of 29 + -76 + 44 + (13 - 2)?
8
What is the value of (4 - 2 - ((2 - 0) + 3)) + -2?
-5
Evaluate -6 + 3 + -1 + -2 + -11 + 4.
-13
Calculate 9 + 3 - ((6 - (-12 + 9)) + -3).
6
6 + (6 - 0) + 1 + -23
-10
61 + -92 + (2 - ((3 - -1) + -10))
-23
Evaluate -15 - 3 - (15 - (8 + 13)).
-12
0 - ((-25 - 1) + (-101 - -108))
19
Calculate 6 - (0 + 0 + -2 + (2 - 15)).
21
What is the value of 8 - ((-9 - (3 + -10)) + (0 - 3))?
13
What is the value of (20 - (-3 - -1)) + -20 + (32 - 16)?
18
-2 - (-25 + 29 + -1)
-5
2 - 20 - (-106 - -71)
17
-70 + -25 + 107 - (1 - (-2 - -1))
10
(11 - (10 + 2)) + 6
5
What is the value of 12 - (-27 + 6 + (-3 - -6))?
30
49 + -38 + (-2 - -4 - 35)
-22
Evaluate 22 + (36 - 17) - 31.
10
What is -3 - (-2 - 12 - (-4 + -2 + 5))?
10
What is the value of -2 + -3 - -8 - (2 + (11 - 6))?
-4
Evaluate -14 - ((-15 - -2) + (-7 - -11)).
-5
What is the value of 3 + (-3 - -15) + 4 + -10 + 2?
11
-24 - ((-2 - 4) + -1 + (13 - 12))
-18
Evaluate 8 + -23 + 3 + -1 - 2.
-15
What is 0 - (21 - (0 - -2)) - (737 - 743)?
-13
-10 - 0 - (19 + -22 + -22)
15
Evaluate 23 + -6 + 1 + 39 + -89.
-32
What is -16 - (12 + -39) - 4?
7
Evaluate -3 + 6 - (-1 - -20).
-16
What is -5 - 22 - (-17 - 18)?
8
What is -25 + 8 + (-10 - -41)?
14
What is (-10 - (-11 + 5 + 0)) + (2 - -1)?
-1
(-116 - -102) + (1 - (3 - 1))
-15
Evaluate 19 + -3 + (-5 - -1).
12
Calculate (-24 - 16) + 23 + 22.
5
Calculate 7 + 6 + (15 - 20) - (1 - -20).
-13
Calculate -5 - (-12 - (-10 - -9) - -18).
-12
8 - (25 - 26) - (6 + -1 + 0)
4
Evaluate -22 + 31 - (-16 + 43).
-18
What is 2 + 4 - (0 + (3 - 3)) - 11?
-5
Calculate 0 + 8 + -24 - (-14 + 13).
-15
Calculate -29 + (38 - 24) + 45.
30
Calculate (2 - 3 - -11) + -1 + (8 - 6).
11
Calculate -8 + -3 + 6 + (4 - 8).
-9
(13 - (-4 + (10 - 8)) - 5) + 3
13
Calculate -46 + -3 + 27 + (-5 - 1) + 1.
-27
-7 + (3 - 2) - (-106 - -103) - -9
6
What is -3 - 1 - -34 - ((1 - -4) + 3)?
22
Calculate 1 + -5 + 10 + 9.
15
(114 - 113) + 16 + 1 + -46
-28
(-1 - -8) + -189 + 194
12
(-3 - 1 - (5 + -3)) + -3 - -6
-3
Evaluate 13 - 0 - (12 + -14 + 7 - 3).
11
Evaluate (15 + 18 - 4) + -39.
-10
What is (63 - 78) + 0 + -4 + -6?
-25
What is the value of 23 - (2 - (11 - (20 - 10)) - -9)?
13
What is the value of -21 + 5 + (-5 - -11)?
-10
Calculate (-36 + 40 - 21) + 2 + -19.
-34
Evaluate -41 + 31 - (-3 - (-1 + 4 + -3)).
-7
Calculate 2 - 1 - (16 + 0 - 25).
10
Calculate (1 + -22 - -3) + 2 + 1 + 6.
-9
Evaluate -26 - (7 - (-7 + 15) - -2).
-27
Calculate 2 + -23 - (-189 - -172).
-4
Calculate (-2 - -11) + (8 - 3 - 10).
4
(-10 - -25) + -6 + (-5 - (9 + -17))
12
Evaluate -2 + (-4 - (-7 + 9)).
-8
What is 0 + 1 + -11 - (37 + -87 + 17)?
23
What is (117 - 119 - (5 + 0)) + (-10 - 1)?
-18
(7 - (33 + -2)) + (7 - (-11 - -9))
-15
What is 6 + -1 + ((6 - 6) + -2 - -1)?
4
Evaluate (-3 - -1) + -13 + 9.
-6
What is the value of -3 - (21 - 16 - -4)?
-12
Calculate 0 - (-9 + 3 + -13 + 69 + -26).
-24
What is the value of 14 + 1 - (-19 + (25 - -30))?
-21
Calculate -30 - -35 - (6 - 11).
10
Evaluate (3 - -5) + -4 - (-9 - (-9 - 6)).
-2
Calculate -18 + 0 + (-15 - -14) + 9 + -3.
-13
Calculate -20 + -3 + -1 + 4.
-20
Evaluate -22 + (-37 - -73) + -13.
1
What is the value of 1 - -10 - -19 - (6 + -4 + 6)?
22
What is -10 - -17 - 20 - -7?
-6
-14 + 2 + 15 + 2 + -6
-1
What is the value of (-29 - -32) + 1 + 6?
10
Evaluate 1 + -4 + (1 - 26) + -146 + 151.
-23
What is the value of -2 + -16 + 250 + -254?
-22
What is the value of -1 + 0 + (2 + 39 - 26)?
14
What is the value of (-14 - 3) + (-242 - -261)?
2
Calculate -17 - (-34 - -7) - (2 - (-2 - 4)).
2
What is the value of -12 + 6 + (16 - 10)?
0
9 - (31 - 2 - (53 + -43))
-10
4 - 13 - (-7 - 7) - -6
11
Calculate 2 + -20 + 246 + -244.
-16
Evaluate -6 + -2 + 10 + (-24 - -14).
-8
Evaluate (-5 - -8 - 18) + (11 - 5).
-9
(-13 - -22) + -21 + 24
12
Calculate -42 + 16 - -26 - 6.
-6
What is 8 + -5 + -12 - -4?
-5
38 + -44 + 17 + 2
13
What is the value of -17 - (18 - ((36 - 0) + -14))?
-13
Evaluate (-6 - -28) + (-26 - -5).
1
Calculate 49 - 37 - (-3 - -1).
14
What is the value of -3 - (-1 + -8 - 0 - -10)?
-4
Calculate 311 + -286 - (-3 + 37).
-9
What is the value of -20 + (1 - 6) - (-139 - -133)?
-19
What is -1 + 4 + -24 + (-8 - -20)?
-9
What is the value of -2 + -2 - (98 + -126 + (-1 - -12))?
13
Evaluate 0 - (-9 - (-11 + -13)).
-15
Evaluate (7 - (2 + 1)) + (-13 - (8 - 12)).
-5
27 - (29 + -5 + 2)
1
What is the value of -8 + 22 + -6 - (6 + 25)?
-23
Evaluate 0 + (-2 - 8) - (5263 - 5307).
34
(-14 - -30) + -18 - -17
15
Evaluate (2 - (-16 - -8)) + 36 + -1 + -10.
35
Calculate (-13 - (-6 + -5 + -9)) + 0 + 1.
8
What is (-20 - -1) + (-8 - -8) - (-574 + 572)?
-17
What is -22 - (16 - 6) - -6?
-26
What is the value of 15 + (3 - 2) + -3 + 5 + -3?
15
Calculate -10 - (6 + (-15 - (10 + -11))).
-2
What is (7 + 2 - 15) + -7?
-13
Calculate 15 - (-17 - (-14 - 3)).
15
What is (-29 - 2) + 7 - -8 - -3?
-13
4 + (-25 - -15) + (6 - -5) + 2
7
Evaluate 8 + 99 + -111 + -1 + 2.
-3
-61 + 30 - (-1 - -2 - 14)
-18
Calculate 9 - 29 - (0 - 9).
-11
Calculate -10 + (25 - 13) + -1 + -17.
-16
What is (191 - 153) + 2 + -28?
12
What is the value of (-3 - 17) + (9 - (5 + -3))?
-13
Evaluate 10 - (16 + 39) - -8 - -13.
-24
-2 + -5 + (26 - 18) - (22 + 0)
-21
What is (-126 - -116 - (-4 + 0)) + -3?
-9
What is the value of 5 + -12 + -3 + (1 - -4 - -4)?
-1
Calculate -63 + 95 + -20 + -31.
-19
Evaluate -4 - -9 - (-121 - -146).
-20
Evaluate 15 - 2 - ((5 - 6) + 5).
9
What is 1895 + -1896 + -1 + 25?
23
Calculate (-41 - (-101 + 56)) + (8 + -1 - 1).
10
Calculate -1 + -2 + 3 + -22 + 31 - 0.
9
Calculate 2 + 5 + 0 - (-4 + (13 - -2)).
-4
What is (28 - -9) + -5 + -58?
-26
What is the value of 22 - -11 - (6 + -6) - 12?
21
What is the value of 81 - 77 - (-6 + -2)?
12
What is (-18 - -3 - 0) + 238 + -246?
-23
Evaluate 1 + -3 - -5 - (-6 - 1).
10
47 + (-13 - (-5 + (-12 - -19)))
32
3 - ((-15 - (-6 - -2)) + (-59 - -39))
34
(-7 - -30) + 3 + -12 + 1 + 2
17
Calculate 14 - (38 + 24 + -23).
-25
(0 - (2 - -19) - -8) + 1
-12
What is the value of 5 + (10 - (-11 + 19)) - 10?
-3
What is 1 + 24 + (72 - 72) - (3 - 0)?
22
Calculate -2 + -2 + (8 - 7) - 9.
-12
-5 + 14 - (-4 - (22 - 23))
12
What is the value of -17 + (-5 - -36) + 4?
18
What is (-67 - -58) + -2 + 15 + 0?
4
What is the value of -23 + (11 - (-8 + 5 + 8 - -3))?
-20
Evaluate 22 + -26 + 6 + 3.
5
Evaluate (2 - 5) + (6 - 0) + (-6 - 6).
-9
What is the v